8435. What is the greatest common divisor of 573 and y?
3
Let q be ((-32)/(-9))/(56/504). What is the greatest common divisor of 2072 and q?
8
Let j = 514 - 455. Let f = -230 - -761. What is the greatest common factor of f and j?
59
Let c(o) be the first derivative of o**3/3 - 3*o**2 - 108*o - 77. Let y be c(14). Calculate the greatest common divisor of y and 52.
4
Let v be -9 - -6 - (-5 + 2). Suppose v = -3*n + 2*u - 5*u - 327, 3*u = 2*n + 193. Let w be (n/16)/((-2)/12). What is the greatest common divisor of w and 78?
39
Let v be -10 - (-23)/((-276)/(-2136)). Let m be 20*((-33)/55)/((-2)/20). Calculate the greatest common divisor of m and v.
24
Suppose 0 = 5*z + 4*v - 7*v - 45, -3*v - 3 = 2*z. Let i be 177*(-1*(-2)/(-2))/(-3). Suppose -i*u = -58*u - 30. Calculate the highest common divisor of z and u.
6
Let c be 1280/15 - 2/(-21)*7. What is the highest common divisor of c and 215?
43
Let s(i) be the first derivative of i**3/3 - 3*i**2/2 + 6*i - 22. Let a be s(4). Suppose 210 = a*q - 190. What is the greatest common divisor of 16 and q?
8
Suppose 21*v - 18*v = 5*f - 10, 5*f - 4*v = 10. Suppose -5*c + 250 = 3*k + k, -4*c + 174 = -f*k. What is the highest common factor of c and 230?
46
Suppose 158 = 30*t + 38. Suppose 3*m - 5*y - 224 = 0, -2*m + 72 = -m - y. What is the highest common divisor of m and t?
4
Let v be 41/(656/(-336))*(-18)/7. Calculate the greatest common factor of 10800 and v.
54
Let m(x) be the third derivative of x**6/120 - 11*x**5/60 + 17*x**4/12 - 35*x**3/6 - 77*x**2. Let b be m(12). What is the greatest common divisor of b and 47?
47
Let r(i) = 2*i**3 - 55*i**2 - 33*i + 40. Let c be r(29). What is the greatest common divisor of c and 511?
73
Let t be 1247/29 - (-1 - -5)/1. Suppose t*a = 38*a + 16. Calculate the greatest common divisor of a and 208.
16
Suppose -7*h + 2818 = -1942. Suppose 6*g - g - p - 655 = 0, -5*g = 4*p - h. Let q be (-45)/6*g/(-10). What is the greatest common factor of 66 and q?
33
Let z(i) = i**2 + 618*i - 22822. Let g be z(35). Let c = -2 + 6. Suppose 487 = 3*b - c*k, 2*k = 2*b + 3*k - 332. Calculate the highest common factor of b and g.
33
Let m be 2*(-13)/(-1) + -2. Let h be (31 - (-671)/(-44))/(-2*9/(-96)). What is the highest common factor of m and h?
12
Suppose 0 = 4*i - 5*z - 2241, 10*z = 3*i + 8*z - 1693. What is the highest common factor of 1 and i?
1
Let h = 33605 - 3253. Calculate the greatest common factor of h and 112.
112
Let l(r) = 2*r**3 - 11*r**2 + r - 9. Let u = -58 - -33. Let z = u - -31. Let o be l(z). What is the greatest common divisor of o and 3?
3
Suppose -5*j = 2*b - 707, 26*b + 3*j - 1421 = 22*b. Let d = -5 - -9. Calculate the highest common divisor of d and b.
4
Suppose 4*i - 177 = 5*j, -i - 33 = -2*i + 5*j. Let w(k) = -k**2 - 26*k + 8872. Let r be w(82). Calculate the greatest common divisor of r and i.
16
Let v(d) = -3736*d + 816. Let o be v(-2). What is the greatest common divisor of 32 and o?
32
Suppose 0 = n - 5*x - 33, 3*n - 60 - 28 = 4*x. Let m(o) = -o**3 - 14*o**2 - 16*o + 10. Let l be m(-13). Calculate the greatest common divisor of n and l.
7
Suppose -77*w + 80*w + 254 = 902. What is the greatest common divisor of w and 5562?
54
Let y be ((-6)/4)/(9/(-18)). Suppose 0 = y*r + 7*r - 3*r. Suppose r = 3*x - 2*n + 10 - 27, 0 = 2*n - 4. What is the highest common divisor of 1 and x?
1
Let o(p) = -2*p**3 + 9*p**2 - 2*p + 4. Suppose 6*d + 0*d = -312. Let z be d/(-14) - (-4)/14. Let s be o(z). Calculate the greatest common divisor of 96 and s.
12
Let o be (-88)/20 + (-7)/(70/(-4)). Let n be ((-128)/(-168))/(o/90)*-35. Calculate the greatest common divisor of 24 and n.
24
Suppose h = -3*g + 719, -4*h + 4*g = -2900 - 88. What is the greatest common divisor of 28 and h?
4
Suppose 4*w = -2*f + 80, 0 = 3*w - w + 5*f - 32. Suppose -8*n + 189 = w. Let r be 7*(2 - -2)/4. Calculate the highest common divisor of n and r.
7
Let b be ((-33)/2)/((4/(-10))/((-56)/(-10))). Calculate the greatest common factor of 1008 and b.
21
Let z(b) = 10*b + 12 - 26 - 51*b - 2*b**2 - 9. Let n be z(-17). Suppose 0 = 25*j - 23*j - n. What is the highest common divisor of j and 32?
16
Suppose 0 = -30*f + 24586 + 184064. What is the highest common factor of f and 130?
65
Let y be (2 - 5 - -8)*-100. Let p = 527 + y. Calculate the greatest common factor of p and 3.
3
Suppose 111*p + 133*p - 37*p - 63135 = 0. What is the highest common factor of 549 and p?
61
Suppose -t - 2*o + 0 = 4, 2*t + 2*o = -10. Let z be -1 - 112/t - 29/(-87). What is the greatest common factor of 4 and z?
2
Suppose -1083292 = -317*g - 142436. What is the greatest common factor of 56 and g?
56
Let k = -625 + 649. Suppose 8*z + k*z = 2880. Suppose h - 3*i = 23, -9 = 3*h + 4*i - 65. What is the highest common divisor of h and z?
10
Let p = -19 - -37. Suppose 0 = -5*n + 13 + 12. Let a(g) = 5*g**2 - 14*g - 1. Let h be a(n). Calculate the greatest common factor of p and h.
18
Suppose 5*l - 3*o - 16 = 0, -5*l - 11*o = -9*o - 31. Let f(t) = 30*t - 122. Let w be f(l). Calculate the greatest common divisor of 658 and w.
14
Let v be ((-44)/(-6))/(2/9). Let n(h) = 3*h - 87. Suppose 198 = 11*g - 132. Let x be n(g). What is the greatest common divisor of v and x?
3
Suppose -52*l = -57*l + 5*u + 8815, -3*l - 3*u = -5271. What is the highest common divisor of 55 and l?
55
Suppose -16*f - 3468 + 4216 = -8852. Calculate the greatest common factor of f and 260.
20
Suppose -u + 5001 = -5*f, -6512 = -3*u + f + 8463. Calculate the highest common divisor of 161 and u.
161
Let y = 338 - 140. Suppose 0 = -2*b + 14*d - 19*d + 614, -3*b = 5*d - 911. Suppose -52*g - b = -61*g. Calculate the highest common divisor of g and y.
33
Suppose 620 = 12*j + 18*j - 340. Calculate the highest common factor of j and 232.
8
Let g(n) = n**2 - n - 60. Let f be g(-9). What is the highest common factor of 3700 and f?
10
Let i = 3816 - 2342. What is the highest common factor of i and 176?
22
Suppose -5781 = -19*y - 22*y. What is the greatest common factor of 72 and y?
3
Let d = -1604 - -1756. What is the highest common factor of 120 and d?
8
Let i(m) = 5*m + 215. Let l(s) = 6*s + 138. Let f be l(-27). Let r be i(f). Calculate the greatest common divisor of 10 and r.
5
Suppose 2*p - 1216 = -z, 3*p - 24*z - 1824 = -32*z. What is the highest common factor of p and 418?
38
Let o be (-3)/9*(-6)/(-5) - (-510)/25. What is the greatest common factor of o and 116?
4
Let q = 2376 - 2356. What is the highest common factor of 68 and q?
4
Suppose -12*u + 221 - 77 = 0. Let i(n) = -n + 27. Let h be i(21). What is the highest common divisor of u and h?
6
Let i be (-39)/(-4) - 2 - 22/(-88). Let l be (36/i*-2)/(7/(-182)). What is the greatest common divisor of l and 26?
26
Let q(a) = -15*a + 586. Let i be q(39). Calculate the greatest common factor of 3 and i.
1
Let g = -8544 + 8552. Calculate the highest common factor of g and 3208.
8
Let c be 7/(4/(-10)*(-5)/10). Calculate the greatest common factor of 235 and c.
5
Suppose s + 961 = -2*g, -g - 4796 = 2*s + 3*s. Let u = s + 1453. Calculate the greatest common factor of u and 38.
38
Suppose -758 + 566 = -4*l. Calculate the highest common divisor of 120 and l.
24
Suppose -4*a + 5*g + 591 = 0, -a + 82 = -g - 65. Let l be (5/(-4))/(-13*26/1352). Suppose -k - a = -l*k. Calculate the greatest common factor of k and 12.
12
Let q be (-20)/(-8)*60/25. Let l(v) = v**2 - 8*v + 13. Let t be l(q). Suppose 5*b = -4*n + 34, 5*b + 1 = n - 20. Calculate the highest common factor of t and n.
1
Let o(b) = -b**3 - 38*b**2 - 364*b - 2. Let g be o(-19). Calculate the greatest common factor of g and 6787.
11
Suppose 0*m = 25*m - 250. Calculate the highest common factor of m and 1090.
10
Let d be 37 + -32 + 3*1 + (14 - 16). Let f = -3 - -5. Let k be ((-16)/6)/(f/(-9)). Calculate the highest common divisor of d and k.
6
Let m be 1 + -4 - (-3870)/30. Let i = -2 - -6. Let u be (-7)/(1 - 6/i). Calculate the highest common divisor of u and m.
14
Suppose 45*k = 168*k - 1358710 + 191809. What is the highest common factor of k and 106?
53
Suppose -3*i + 86 = 3*u + 14, i = -4*u + 39. Let j(l) = l**3 - 27*l**2 - 24*l - 74. Let y be j(28). Calculate the highest common divisor of i and y.
19
Suppose -3*w + 1700 = 2*w + 5*x, 0 = -x + 1. Let n = 137 + w. Calculate the greatest commo